- b. Calculate the greatest common factor of 108 and m.
27
Suppose -317*n + 22338 = -300*n. Calculate the highest common factor of n and 18.
18
Let l(t) = -2*t**3 - 2*t**2 + 0*t**3 + 3*t**2. Let n be l(-1). Suppose 3*g = 3*y - 2*y - 9, -83 = -3*y + 2*g. Calculate the greatest common divisor of n and y.
3
Let a(c) = -c**2 - 63*c - 216. Let d be a(-59). Let i be (-136)/(-10) + (-2)/(-5). Let m = i + -10. What is the greatest common factor of m and d?
4
Let p = -50 - -54. Suppose -4*r - 8 = 3*x, 2*r - p*x - 19 = -r. Let f be 6/6*15*r. Calculate the greatest common factor of 15 and f.
15
Let c(o) = -o**3 + 7*o**2 + 9*o - 20. Let d = 128 + -121. Let r be c(d). What is the highest common divisor of r and 387?
43
Let l = -30 - -96. Let a = l + -47. Let w = 129 + -34. Calculate the highest common divisor of w and a.
19
Suppose 4*f = 3*t + 183, 247 = 5*f + 4*t - 5. Let v = -15 - -15. Suppose 3*m = -v*m + 192. What is the greatest common divisor of f and m?
16
Suppose -16*v - 20 = -100. Suppose -c + 3*z + 3 = -144, -5*c - v*z + 835 = 0. Let x = -40 + 58. What is the highest common factor of x and c?
18
Suppose 0 = -j + 4, 11*j - 12*j = -5*n + 41. Let x(o) = 4*o**2 + o + 21. Let q be x(-9). Let m = q + -165. What is the highest common factor of m and n?
9
Let w be (-3 + -444)*(8 + (-4 - 5)). Calculate the highest common divisor of w and 3725.
149
Suppose -2*f + 106 = 2*k, 64 = -2*f - 3*k + 166. Let d = -41 + f. Let l = -6983 - -6985. Calculate the highest common factor of l and d.
2
Let w = -3827 - -6500. Calculate the highest common factor of w and 132.
33
Let d be (-4)/34 + 10428/(-374). Let l be -2 + d*(-4)/8. Calculate the highest common divisor of 12 and l.
12
Let a = -115 - -223. Let x = 718 - 720. Let g be (-6 + 10 - x)*2. Calculate the greatest common factor of g and a.
12
Let t(u) = -659*u - 8231. Let z be t(-14). What is the greatest common divisor of z and 796?
199
Let h be ((-6)/(-3) - -3) + 0. Let r be (603 - (-3 - -1)) + 0. Suppose -15*k + 4*k = -r. What is the highest common divisor of h and k?
5
Let z be 3 - 11 - ((-144)/12 + -212). Calculate the greatest common factor of 84 and z.
12
Suppose -5*p + 25 = 0, -9*f = -14*f - 2*p - 540. Let z = -104 - f. What is the highest common divisor of z and 32?
2
Suppose -5*q + 5 = 3*s - 470, s = 7*q - 665. Calculate the greatest common factor of 646 and q.
19
Suppose 2*w - 7*k = -2*k - 79, 0 = 4*k + 4. Let f = -152 - -54. Let r = w - f. Calculate the highest common divisor of 8 and r.
8
Suppose -28*g + 14400 = 62*g. What is the greatest common factor of 3872 and g?
32
Let c be (-1 + 3)/(0 + -4 + 5). Suppose 5*f + 15*y - 11*y = 447, -c*f + 177 = y. Calculate the highest common divisor of 957 and f.
87
Let d be 44 + 0 + 2 + -3. Let x be (-97608)/(-252) - (-2)/(-6). Calculate the highest common divisor of x and d.
43
Let w(k) = -629*k + 3908. Let g be w(6). Calculate the highest common divisor of 3551 and g.
67
Suppose 93*o - 3198 = 87*o. What is the highest common factor of o and 117?
13
Suppose g = -1 - 2, -29 = -2*s + 3*g. Suppose -s*k - 78 + 508 = 0. What is the greatest common factor of 215 and k?
43
Let h = -212 - -437. Let v be 4/(-5)*(6/(-16) - (-11661)/(-104)). Calculate the highest common divisor of h and v.
45
Let z(g) = g**2 + 6*g - 25. Let f be z(3). Suppose 0*s + 67 = 3*s + b, 0 = -4*s - f*b + 86. What is the greatest common divisor of s and 6?
6
Suppose -f = s, -85*f = -87*f + 2*s + 28. Let r(x) = x**3 + 2*x**2 - x + 5. Let c be r(6). What is the highest common factor of f and c?
7
Let r be (-2)/(-8) - (-44310)/40. Suppose 198 = -35*s + r. What is the greatest common divisor of s and 143?
13
Let k = -71 + 576. Suppose 2689 - k = 8*d. Calculate the highest common factor of d and 14.
7
Suppose -119*c - 975 = 117*c - 261*c. Suppose 0 = f - 2*f + 5. Let t = f + -2. Calculate the highest common divisor of t and c.
3
Let l(b) = 3*b**2 + 6*b - 7. Let a be l(-9). Suppose f - 2*f = -4. Suppose -35*s + 36*s - 18 = -k, f*k = -s + 60. What is the greatest common factor of k and a?
14
Let u be (-3 - 20/(-5)) + 11. Let k = 17 - u. Suppose 3*z - 21 = -l, -5*z + 84 = -l + k*l. What is the highest common factor of l and 14?
7
Let s = 124303 + -124233. Let x = -32 - -262. Calculate the greatest common divisor of x and s.
10
Suppose 39*s + 31*s = 72*s - 3196. What is the greatest common divisor of 188 and s?
94
Suppose 3*a - 4*c = 54, a - 5 = -c - 2*c. Suppose 0 = 4*u - 343*r + 348*r - 165, -3*u - 3*r = -120. What is the greatest common divisor of a and u?
7
Let t be ((-21)/2)/((-56)/12768*133). Suppose -4*h = l - 13, h + 2*h = 12. Let m be (1/l)/((-2)/12). Calculate the greatest common factor of t and m.
2
Suppose -3*u - 30*t = -33*t - 1044, 3*u = 2*t + 1041. What is the greatest common factor of 483 and u?
69
Suppose -125 = 4*q - 2*h + 121, -4*h + 12 = 0. Let z be ((-160)/q)/((-4)/(-6)) + 21. Calculate the greatest common divisor of 25 and z.
25
Let q(a) be the third derivative of -11*a**4/24 + 31*a**3 + 231*a**2. Let z be q(-6). Calculate the highest common divisor of z and 42.
42
Let w(y) = 8*y**2 + 36*y + 6. Let t(n) = 4*n**2 + 18*n + 3. Let s(z) = 5*t(z) - 2*w(z). Let b be s(-9). Calculate the greatest common divisor of 110 and b.
55
Let y = 132 - 17. Let t = 6933 + -6928. What is the highest common factor of y and t?
5
Let x be 48/((0 - -3) + -2). Let f = -31 + 101. Suppose -90 = -10*l + f. What is the highest common factor of x and l?
16
Let i = -443 - -513. Let y be (-458)/(-22) + (-2)/(-11). Let r = y + -11. Calculate the highest common divisor of r and i.
10
Let c be ((-10)/(-14))/((-22)/(-1232)). What is the greatest common factor of c and 14?
2
Let j be (2 + 0)*-45*(4 - 6). Suppose -3*i + 5*i = j. Suppose -r = -3*r + i. Calculate the highest common factor of 5 and r.
5
Let y be 21412/36 + 8/36. Let q be 8294/66 + (-2)/3. Suppose 5*v - o - 4*o = y, q = v + 5*o. What is the highest common factor of v and 48?
24
Let n(j) = 2*j - 24. Let t be n(13). Suppose t = -3*y + 17. Suppose -c + 18 = y*p, 6*c - 4*p - 177 = c. Calculate the highest common factor of 66 and c.
33
Let n = 36 + -29. Let r = 39 - 28. Let s(c) = c**3 - 9*c**2 - 14*c - 25. Let t be s(r). What is the greatest common divisor of t and n?
7
Let q = -67 - -83. Suppose 17*r + 7 = q*r. Let y = r - -25. What is the highest common divisor of y and 72?
18
Suppose -11724*d = -11725*d + 744. What is the greatest common divisor of d and 620?
124
Let u(i) = 41*i - 1438. Let s be u(73). Calculate the highest common divisor of 5 and s.
5
Let l(u) = -u**3 - 42*u**2 - 87*u + 263. Let p be l(-40). Calculate the greatest common factor of p and 2.
1
Suppose 4*m + 2*h = 1728, 3*h + 734 + 122 = 2*m. Let w = m - 222. What is the highest common factor of 11 and w?
11
Suppose -6 = -s + 4*j, s - 87 = -3*s - 5*j. Suppose 0 = 2*w - 214 - 398. What is the highest common divisor of s and w?
18
Let g(j) = 27*j + 36. Let l be g(-8). Let b = l + 212. Calculate the greatest common factor of b and 1.
1
Suppose -38 = -47*o + 3017. What is the highest common factor of 23335 and o?
65
Let z = -1155 - -1151. Let i(w) be the second derivative of -w**3/2 - 9*w**2/2 - w. Let f be i(z). What is the highest common factor of f and 1?
1
Suppose -4*r = 126*x - 125*x - 90, -4*x = -3*r + 58. Suppose 0 + 110 = 5*m. Calculate the greatest common factor of r and m.
22
Let k(v) = 5 + 13 + 85*v + 5 - 13 + 9*v. Let o be k(6). Calculate the greatest common factor of 7 and o.
7
Let v = -66 + 66. Suppose v*w + w + 4*d = 0, d = 3*w - 52. Suppose -h = -4*m + h + 56, 4*h + w = 0. Calculate the greatest common divisor of 6 and m.
6
Let x(j) = 4*j. Let y be x(5). Suppose -b + 3*f = -145, -5*f + 74 = b - 31. Calculate the greatest common divisor of b and y.
10
Let z = 228 - -39. Let j = 281 - z. Let v(t) = 3*t - 2. Let s be v(3). Calculate the greatest common factor of j and s.
7
Let c be -18*(-1)/15*200. What is the greatest common divisor of 15 and c?
15
Let g be ((-7650)/120)/(30/(-80)). Calculate the highest common factor of g and 790.
10
Let q(z) = z**3 + 19*z**2 - 127*z - 948. Let h be q(-7). What is the highest common factor of 69 and h?
23
Let z(x) = 2*x**3 - 4*x**2 - 3*x - 3. Let d be z(3). Suppose -f = d*f - 1071. What is the highest common divisor of f and 17?
17
Let p be ((-3388)/(